q - 4*b = 0. Suppose 0 = 2*j - q - 0. Let p(h) = h**2 + 3*h. What is the remainder when p(-5) is divided by j?
2
Let x(z) = -7*z + 6. Suppose -2*v - 28 = -3*h, 5*h - 5*v = 35 + 15. Let d be x(h). What is the remainder when 43 is divided by (d/(-15))/((-4)/(-18))?
13
Let k be ((-4)/(-8))/((-1)/(-44)). Let y = k + 18. Suppose 2*u - 28*p + 2 = -24*p, 3*u - p = 27. What is the remainder when y is divided by u?
7
Suppose -2*j = -98 - 14. Let f be 1/3 - j/(-21). Suppose -f*p = -p - 14. Calculate the remainder when 25 is divided by p.
4
Let p = -604 - -900. Suppose 4*h - p = -3*o, -111 + 259 = 2*h + 2*o. What is the remainder when h is divided by 25?
24
Let n be 75/6*(-20)/(-25). Let c be -4 + -28*(-5)/n. Let x(p) = p**2 - 11*p + 14. What is the remainder when x(c) is divided by 2?
0
Let y(t) = -6*t - 5. Let g be y(-7). Suppose 53 = 5*c - g. Calculate the remainder when 70 is divided by c.
16
Let s(n) = -n**3 + 7*n**2 - 5*n + 3. Let j be s(4). Let r = -10 + j. What is the remainder when 102 is divided by r?
18
Let t(l) = l**3 - 11*l**2 + l - 5. Calculate the remainder when 110 is divided by t(11).
2
Suppose 0*r + r + 5*q + 245 = 0, r + 236 = 4*q. Calculate the remainder when 29 is divided by (-14)/4*r/84.
9
Let t = -4 - -7. Let y be 6/(-4) - (-369)/18. Let b = y + -13. Calculate the remainder when b is divided by t.
0
Suppose 4*m = -3*h + 161, 0 = -m - 5*h + 6 + 13. Calculate the remainder when 167 is divided by m.
35
Let m(a) = 0 + 21*a + 12*a - 1. Let v be m(1). Suppose 5*u = q + 47, -2*u + v = 3*q + q. What is the remainder when 37 is divided by u?
7
Suppose 0 = -2*k - 8, 2*l - 6*l + 5*k + 484 = 0. What is the remainder when l is divided by 13?
12
Suppose -3*p + 4*i + 89 = 0, -4*p = -p - 2*i - 79. Let x = 86 - 75. Calculate the remainder when ((-27)/15)/(x/(-275)) is divided by p.
22
Suppose 3*c = c. Suppose 0 = -4*g + 2 - 14, c = 3*j - 3*g + 30. Let v = 4 - j. Calculate the remainder when v is divided by 9.
8
Suppose 0 = -3*t - 9, -4*h + 21*t - 23*t + 126 = 0. What is the remainder when 226 is divided by h?
28
Let f(x) = -4*x + 16. Suppose n = 5*o - 28, 2*o = -5*n + 4*o - 48. What is the remainder when f(n) is divided by 25?
23
Suppose -4*p + 4*v = v - 107, -4*v = -5*p + 135. Let i(h) = 2*h**2 + 14*h + 9. What is the remainder when i(-9) is divided by p?
22
Suppose 55 = s + y, 2*s + 2*y - 113 = -y. Suppose -s = -4*c + 3*k, -3*k + 1 = c - 12. Suppose 0 = -b + 3 + c. What is the remainder when 30 is divided by b?
14
Let d(s) = -s**3 - 49*s**2 - 51*s - 109. Let x be (-2)/(-10) - (-1)/(-5). What is the remainder when d(-48) is divided by (-2 - x)*(2 + -8)?
11
Let z = 1 + -3. What is the remainder when 5 + -3 + -1 + 0 is divided by 3*2/(-12)*z?
0
Calculate the remainder when 10 is divided by 44/(-8)*180/(-165).
4
Suppose -10*a = -5*m - 12*a + 22, -3*m + 17 = 5*a. Calculate the remainder when 69 is divided by m.
1
Let i = 2080 + -2022. Calculate the remainder when 293 is divided by i.
3
Suppose 4*s + 24*m - 27*m - 205 = 0, 0 = -5*s - 5*m + 230. What is the remainder when 537 is divided by s?
47
Suppose -27*h - 12*h = -2223. What is the remainder when 164 is divided by h?
50
Suppose 0 = -3*z - 5 + 8. What is the remainder when ((0 - -4)*z)/(6/36) is divided by 6?
0
Let h = -9 - 2. Let y = h - -44. Let r = -25 + y. What is the remainder when 28 is divided by r?
4
Let v = -5 + 22. Suppose 7*l - 24*l = -85. What is the remainder when v is divided by l?
2
Suppose -v + 2*k = -14, 0 = -4*v - 4*k + 36 + 44. What is the remainder when 42 is divided by v?
6
Let v = 11 + -8. Suppose 0 = i + v*i - b - 664, -3*b + 12 = 0. Calculate the remainder when i is divided by 34.
31
Let y = 106 - 0. Let w = y + -32. What is the remainder when w is divided by (-225)/(-12) - 1/(-4)?
17
Let n = -114 - -139. Let u(w) = 9*w**2 + 4*w + 5. Let y be u(4). Suppose 2*i + y = 409. Calculate the remainder when i is divided by n.
22
Let g be (-232)/8*(-2 - -1). Suppose 0*d + 3 = -d, -g = -4*j + 3*d. Suppose 80 = j*p - 70. Calculate the remainder when p is divided by 16.
14
What is the remainder when (1 - 8) + (31 - 1) is divided by 18?
5
Let o(i) = -13*i - 17. Calculate the remainder when 120 is divided by o(-4).
15
Calculate the remainder when 137 is divided by (-1006)/(-20) - (-6)/(-20).
37
Let g be (-4)/(5 + (4 - 7)). Calculate the remainder when 71 is divided by (-165)/(-10) - 3/g.
17
Let y(f) = f**3 + 4*f**2 - 24*f - 1. What is the remainder when 75 is divided by y(-7)?
15
Suppose -2*k - q = -22 + 7, 39 = 5*k + 2*q. Suppose 4*v + 37*v = 1722. What is the remainder when v is divided by k?
6
Suppose 8*h + 78 = 21*h. Calculate the remainder when ((-128)/24 - -6) + 326/h is divided by 15.
10
Let r = -1549 + 1579. Let f = -4 - -8. Suppose -4*q = -z + 73, 2*q - f - 93 = -z. Calculate the remainder when z is divided by r.
29
Let y(z) = z**3 + 10*z**2 - 4*z - 4. Let v be y(-10). Let m = 39 - v. Calculate the remainder when 21 is divided by m.
0
Let t be (2/3)/(16/(-1128)). Let k = 72 + t. Calculate the remainder when k is divided by 14.
11
Suppose -2*d + d + 33 = 0. Suppose 0 = -14*f + 7*f + 686. Calculate the remainder when f is divided by d.
32
Suppose -2*a + 4*x + 63 = -117, 5*x + 470 = 5*a. What is the remainder when 410 is divided by a?
18
Suppose -3*r = -p - 128, 5*r + p = 1001 - 785. Suppose -3*n + 2*n = -12. What is the remainder when r is divided by n?
7
Let s(w) = -w**3 - w**2 - 2*w - 4. Let r(a) = -5*a + 43. What is the remainder when r(-7) is divided by s(-3)?
18
Let k(p) = -p**2 + 9*p + 1. Let z = -105 + 148. What is the remainder when z is divided by k(7)?
13
Let k(y) = -y**2 + 10*y - 6. Let o = 194 + -156. Calculate the remainder when o is divided by k(8).
8
Let x(p) = 8 - 3*p + 4 - 19. What is the remainder when 35 is divided by x(-6)?
2
Let f = 36 - 30. Suppose 0 = 4*p - 2*p - 4*s - 26, -3*s = f. Let t(c) = 12*c - 6. What is the remainder when t(4) is divided by p?
6
Suppose u + 4*y - 29 = 0, -5*u - 3*y + 82 = 5. Let j(g) = 5*g - 15. Calculate the remainder when j(u) is divided by 17.
16
Let h be ((-189)/6)/(-7)*-12. Calculate the remainder when (1 + 9)/((-9)/h) is divided by 21.
18
Let s(o) = 0*o + o**3 - 5*o + 2 - o**2 + 2*o. Let h be s(2). Suppose -2*i - i + 39 = h. Calculate the remainder when 37 is divided by i.
11
Suppose 0 = 2*x - 6*x + 2*j + 24, -14 = -4*x - 3*j. Suppose r - 18 = 2*h - 0, 5*h + 85 = x*r. What is the remainder when 31 is divided by r?
15
Let i = -582 - -666. What is the remainder when i is divided by 72?
12
Suppose -10 = q - 31. Suppose 11*u + 1230 = q*u. Calculate the remainder when u is divided by 25.
23
What is the remainder when (-25)/30 - (-54616)/48 is divided by 67?
65
Let g = -2702 + 2706. Suppose 8 = 5*p - 22. What is the remainder when p is divided by g?
2
Let l be (-36)/21*(-21)/2. Let h = -530 - -541. What is the remainder when h is divided by l/8*(-16)/(-6)?
5
Let o = -574 - -816. Suppose -o = -4*b - 86. What is the remainder when b is divided by 24 + (-5)/((-25)/(-20))?
19
Suppose 0 = -w + 3*s + 11 + 5, -5*w - 5*s = -180. Suppose 5*c - 2*d - 45 = w, 3*c - d - 46 = 0. Calculate the remainder when 174 is divided by c.
14
What is the remainder when 36 is divided by (-3)/(-3 - (-48)/20)?
1
Let u be ((-12)/(-15))/((-5)/75*-6). Calculate the remainder when 31 is divided by -2 - (-52)/8*u.
9
Suppose q = 3*q + 16. Let w = q - -17. What is the remainder when 13 is divided by w?
4
Let x be (18/(-21))/(1/35). Let r = x - -52. What is the remainder when 41 is divided by r?
19
Suppose -15*j - 20246 + 20366 = 0. Let u = -12 + 83. Suppose -24 = -5*h + u. Calculate the remainder when h is divided by j.
3
Let s(p) = p - 1. Let i(z) = z**2 - 82. Let j(g) = -i(g) + 6*s(g). Calculate the remainder when j(0) is divided by 21.
13
Suppose -2*y + 7*y - 85 = 0. Suppose 5*o = k + 7, -5*k - o - 12 = -3*o. Calculate the remainder when y is divided by (-4 + k)*(-18)/27.
1
Let n(g) = 2*g - 52. Calculate the remainder when 47 is divided by n(42).
15
Suppose 34 = 2*o - 3*o - 5*z, -239 = 5*o + 2*z. Let r = o + 69. Let j(v) = 6*v**2 + 2*v - 1. Calculate the remainder when j(3) is divided by r.
19
Suppose 4*h - 32 = -4*q + 28, 4*q = h + 10. Suppose 4*r = 5*s - 172 + h, -r = -2. What is the remainder when s is divided by 19?
15
Suppose -3*x = i - 14, 28 = 5*i + x - 0